509 + 6949. What is the remainder when 726 is divided by g?
171
Let v = -120 - -205. What is the remainder when (1 - 4 - 3) + v is divided by 8?
7
Suppose 37*a = 43*a - 18. Suppose w = -a*g - 61 + 186, 3*w + 45 = g. What is the remainder when 77 is divided by g?
35
Let k = 25 - 26. Let s be (0 - (31 - k)) + 5. Let x = s - -44. Calculate the remainder when 133 is divided by x.
14
Suppose 2*b + 3*l - 811 = 0, 5*b - l - 2659 = -640. What is the remainder when b is divided by 197?
10
Let o(w) = 126*w**3 - w. Suppose 3*d = -5*y + 179, -35*d - 151 = -37*d + 3*y. What is the remainder when o(1) is divided by d?
57
Let m(h) = -51*h + 550. Calculate the remainder when 63 is divided by m(10).
23
Let n = 6327 - 6319. Calculate the remainder when 37 is divided by n.
5
Let x = 187 - 187. What is the remainder when 1 + x - -72 - (21 - 24) is divided by 20?
16
Let h = 93 + -88. Suppose 141 = h*a - 4*z - 40, -87 = -3*a - 3*z. What is the remainder when a is divided by 4/(-6) + 29/3?
6
Suppose 8*n + 4*n - 592 = 4*n. What is the remainder when 5030 is divided by n?
72
Let w be (2/(-8))/((-54)/1080). Calculate the remainder when 76 is divided by (-30)/12*(-92)/w + -4.
34
Let w = -54 + 61. Suppose 0 = -4*f + 3*s - 2, -f - w = -3*s - s. What is the remainder when 15 is divided by f?
0
Let o = -89383 + 89398. Suppose -2*k - 3*s = -83, 0 = 3*k + 2*s + 7 - 134. What is the remainder when k is divided by o?
13
Suppose -i - l + 0*l + 14 = 0, -2*i + 30 = 4*l. Suppose 62*f - i = 61*f. Suppose -60 = -3*z + 129. What is the remainder when z is divided by f?
11
Suppose 5*u = 4*b - 25, -19 - 1 = 3*b + 4*u. Suppose 5*f = -r - 4, 0 = 2*f - b*f + 6. Let k = -39 + 69. Calculate the remainder when k is divided by r.
8
What is the remainder when (952/64 + -19)*-24 is divided by (-12)/(-10)*30*1?
27
Let j(g) = -g**3 + 27*g**2 + 71*g + 31. What is the remainder when 830 is divided by j(29)?
14
Let t = 144 + -32. Suppose -6*g + t = 2*g. Calculate the remainder when 32 is divided by g.
4
Let h(o) = -o + 112. Let l be h(30). Suppose c = 5, -2*i + 84*c = l*c + 6. Calculate the remainder when 21 is divided by i.
1
Suppose -q - 62*k + 17 = -61*k, 14 = -2*k. Calculate the remainder when 121 is divided by q.
1
Let b = 5874 + -5752. What is the remainder when 16223 is divided by b?
119
Let m = -9985 - -10132. What is the remainder when m is divided by 3?
0
Let s = -36 - -38. Let v be (2 - s/(8/10))*-4. What is the remainder when (6 - 2 - v) + (9 - 2) is divided by 6?
3
What is the remainder when 196 is divided by 7 + 1*((-30)/(-15) + -1 + 42)?
46
Let x(s) = 6*s**3 - s**2 + 18*s - 17. Suppose -4*c + 0*u = -3*u - 364, 3*c + 3*u - 252 = 0. Calculate the remainder when c is divided by x(1).
4
Suppose 0 = 1932*c - 951*c - 956*c - 4600. Calculate the remainder when 1844 is divided by c.
4
Suppose 246 = 3*h - 6*z, -5*h - 2*z + 440 = 3*z. What is the remainder when 341 is divided by h?
83
Let f = -4657 + 4994. What is the remainder when 353 is divided by f?
16
Let c be (-14)/10 + 32/80 - -293. Suppose h + 2*h = 4*z + c, 0 = 4*h - 2*z - 386. Calculate the remainder when h is divided by 25.
21
Let o(m) = 44*m + 14. What is the remainder when o(8) is divided by 55?
36
Let n(v) = v**3 - 102*v**2 + 12*v - 616. What is the remainder when n(102) is divided by 142?
40
Let x = -366 + 330. What is the remainder when 0 - -116 - 6/x*-30 is divided by 29?
24
Suppose -2*a = 5*v - 0*a - 421, 2*v = -3*a + 153. What is the remainder when 680 is divided by v?
71
Let n = -4879 - -4920. What is the remainder when 270 is divided by n?
24
Let h(s) = 3027*s - 13073. Calculate the remainder when h(12) is divided by 19.
14
Let l = -2481 - -2922. Calculate the remainder when l is divided by 149.
143
Let d = 141 - -77. Let u = d + -142. Let j = -63 + u. What is the remainder when j is divided by 3?
1
Suppose -67*c + 52 = -63*c, 94 = 3*k + 4*c. Let q = 10 + 20. Suppose 0 = -j - 3*z + q, 130 = 5*j + 6*z - z. What is the remainder when j is divided by k?
10
Calculate the remainder when 1057 is divided by 20/((-1380)/230 + 5/((-10)/(-16))).
7
Suppose -259*l = -233*l - 33462. Calculate the remainder when l is divided by 28.
27
Suppose 2*d = 6, 6*n + 3*d - 829 = n. Suppose 100 = 6*a - n. Calculate the remainder when 85 is divided by a.
41
Let l be (-3)/(-12) + (-286)/(-8). Suppose 26*i - 50*i + 224 = -20*i. Let z = i - l. Calculate the remainder when 91 is divided by z.
11
Let r(u) = -u**3 - 4*u**2 + 9*u + 13. Let o be r(-6). Suppose 4*x - 30 = -h, -h + 2 = 5*x - o. Calculate the remainder when 31 is divided by h.
13
Let r be (-6)/4*(-16)/(-6). Let k(j) = j**3 + 7*j**2 + 4*j + 122. Calculate the remainder when k(-8) is divided by (-4)/(0 + 4)*r.
2
Let f = 145 - 70. Suppose -4*g + f = -13. Suppose -170 = -a - a + q, 269 = 3*a + 2*q. Calculate the remainder when a is divided by g.
21
Let m = 76 + -33. Suppose 0 = -88*j + 4740 + 6436. What is the remainder when j is divided by m?
41
Suppose 0 = -x - 55 + 53. What is the remainder when 35 is divided by 9*x*(22/(-4) + 5)?
8
Let j be 1315/6 + (2 - -1)/(-18). Let p = -137 + j. Let z = 94 - p. What is the remainder when 57 is divided by z?
9
Let j = 563 + -551. What is the remainder when -30*((-4)/(-6))/((-8)/j) is divided by -34*((-2)/(-4))/(-1)?
13
Let o(c) = c**2 + 8*c - 13. Let w = -30 + 20. Let r be o(w). Suppose 2*l + r = 35. Calculate the remainder when 68 is divided by l.
12
What is the remainder when -10 + -790*304/(-32) is divided by 46?
43
Let w = 1732 - 1718. Let j = 31 - 37. Let y(k) = -k**3 - 4*k**2 + k. Calculate the remainder when y(j) is divided by w.
10
Suppose 162*k - 10763 = 18793 + 24714. Calculate the remainder when 661 is divided by k.
326
Let l(o) = -744*o + 7497. Let k = 88 - 59. Calculate the remainder when l(10) is divided by k.
28
Suppose t - 46*j - 606 = -41*j, -1254 = -2*t + 4*j. Calculate the remainder when t is divided by 14.
11
Let o = 2 + 3. Suppose 0 = 2*z - 7*z + 315. Suppose o*g + 8 - z = 0. What is the remainder when 52 is divided by g?
8
Suppose 3*g = -3*o + 2*g + 160, 274 = 5*o - 2*g. Calculate the remainder when o is divided by (32/256)/((-5)/(-800)).
14
Let b = 17 + -6. Suppose -9*l + 56 = -b*l. Calculate the remainder when 19 is divided by (l/35)/((-2)/30).
7
Suppose x + 1199 = 5*o, -3*x + 278 = -2*o + 742. Calculate the remainder when o is divided by 14.
3
Suppose -3*g = 2*g + 5. Let q be ((1 + g)*1)/2. Suppose 2*c + 5*y = 134, -2*c - 3*c - 2*y + 335 = q. Calculate the remainder when c is divided by 18.
13
Let i(v) = -35*v**3 - 10*v**2 - 39*v - 42. What is the remainder when i(-2) is divided by 23?
0
Suppose 265 = 5*f - 2*x, 457*f - 2*x - 163 = 454*f. Suppose -4*d + 1775 = -261. What is the remainder when d is divided by f?
50
Let q(y) = 218*y + 1433. Calculate the remainder when 405 is divided by q(-6).
30
Suppose -32*o + 2410 + 945 = 29*o. What is the remainder when 651 is divided by o?
46
Let r(x) = -x**2 + 9*x + 5. Suppose -12*t = -28*t + 64. Calculate the remainder when 98 is divided by r(t).
23
Let w be 14/3*(360/(-42) + 9). Let o = 63 - -3. What is the remainder when o/(-18) - w/6 - -45 is divided by 7?
6
Let w = -486 - -489. Suppose 5*z = -w*x + 818, 2*x = -z - z + 328. Calculate the remainder when z is divided by 33.
31
Let z = 6728 + -6721. What is the remainder when 405 is divided by z?
6
Suppose 24 = 5*c - 6. Suppose 9*m + 9 = c*m. Calculate the remainder when 59 is divided by (16/48)/(m*(-1)/108).
11
Suppose -77*l = -89*l + 168. What is the remainder when 2840 is divided by l?
12
Suppose 4*c - 16 = 5*c. Let u be c/(-56) + (-26)/(-7). Suppose 5*j + u*h = 198, -j - 3*j + 146 = -3*h. What is the remainder when j is divided by 14?
10
Suppose -14 - 1 = -3*b. Let t be b + -7 + 4 + 66 + -1. Suppose -31 - t = -7*g. What is the remainder when 39 is divided by g?
11
Suppose 0*s + 76 = 3*s + 5*w, -5*w = -5*s + 100. Suppose d = u + 4*u + s, -4*u = -3*d + 66. Let z = 263 + -112. What is the remainder when z is divided by d?
19
Let w = -23 + 56. Let v = -129 + 474. Calculate the remainder when w is divided by ((-2)/6)/((-23)/v).
3
Suppose -2*i = 2*r - 382, 0*i = -2*r + 2*i + 362. Suppose -2 = m, -4*z + m + r = -384. Suppose 3*s = z - 25. Calculate the remainder when s is divided by 22.
17
Suppose -2*f + 5*f = -5*z + 790, -5*z = -3*f - 820. Su